
Does 28 divide 4564?
True
Does 4 divide 441?
False
Does 45 divide 1283?
False
Is 25 even?
False
Does 19 divide 11712?
False
Is 36 a multiple of 18?
True
Is 12 a factor of 11388?
True
Is 159 a factor of 16637?
False
Is 60 a factor of 10020?
True
Does 15 divide 162?
False
Does 33 divide 78144?
True
Is 119 a factor of 16660?
True
Does 11 divide 33715?
True
Is 2 a factor of 162?
True
Does 26 divide 23218?
True
Is 42 a factor of 795?
False
Is 45 a factor of 1845?
True
Is 59 a factor of 413?
True
Is 12 a factor of 89?
False
Is 5282 a multiple of 139?
True
Does 10 divide 77?
False
Does 19 divide 1617?
False
Does 5 divide 3586?
False
Does 82 divide 44875?
False
Does 5 divide 90?
True
Is 148 a factor of 3552?
True
Is 12 a factor of 147?
False
Is 4574 a multiple of 95?
False
Does 5 divide 898?
False
Is 784 a multiple of 16?
True
Is 55 a factor of 110?
True
Is 16 a factor of 768?
True
Does 18 divide 87297?
False
Is 118 a factor of 4730?
False
Does 84 divide 1319?
False
Is 14 a factor of 545?
False
Is 27 a factor of 55377?
True
Is 1401 a multiple of 124?
False
Is 15 a factor of 6075?
True
Does 32 divide 6590?
False
Is 17 a factor of 323?
True
Does 24 divide 33?
False
Is 10987 a multiple of 8?
False
Does 18 divide 4950?
True
Is 86 a factor of 860?
True
Is 11 a factor of 29572?
False
Is 20 a factor of 29166?
False
Is 2801 a multiple of 9?
False
Does 43 divide 335?
False
Does 15 divide 245?
False
Does 14 divide 7055?
False
Is 10 a factor of 200?
True
Does 2 divide 52?
True
Does 15 divide 1250?
False
Does 13 divide 1313?
True
Is 181 a multiple of 61?
False
Does 33 divide 7557?
True
Is 10 a factor of 303?
False
Is 11 a factor of 1001?
True
Does 11 divide 1200?
False
Is 26 a factor of 4234?
False
Does 56 divide 3260?
False
Is 910 a multiple of 14?
True
Does 40 divide 1117?
False
Is 8 a factor of 7256?
True
Is 11 a factor of 209?
True
Is 7344 a multiple of 36?
True
Is 1344 a multiple of 28?
True
Is 345 a multiple of 15?
True
Does 37 divide 695?
False
Is 1648 a multiple of 27?
False
Does 11 divide 132?
True
Does 14 divide 1160?
False
Is 5 a factor of 65?
True
Does 23 divide 1907?
False
Is 4 a factor of 192?
True
Is 13 a factor of 6682?
True
Is 10788 a multiple of 93?
True
Is 434 a multiple of 54?
False
Is 2082 a multiple of 21?
False
Is 936 a multiple of 18?
True
Is 6 a factor of 1029?
False
Does 6 divide 16272?
True
Is 2 a factor of 1521?
False
Is 4816 a multiple of 98?
False
Does 13 divide 572?
True
Is 14839 a multiple of 71?
True
Does 22 divide 18720?
False
Is 2 a factor of 1647?
False
Does 21 divide 72?
False
Does 21 divide 45867?
False
Is 37 a factor of 61428?
False
Is 91 a factor of 1178?
False
Is 69 a multiple of 3?
True
Does 67 divide 4757?
True
Does 12 divide 59740?
False
Does 32 divide 8931?
False
Is 36324 a multiple of 12?
True
Is 2877 a multiple of 21?
True
Is 2047 a multiple of 5?
False
Is 56 a factor of 969?
False
Does 42 divide 1470?
True
Does 58 divide 2204?
True
Is 106701 a multiple of 24?
False
Is 406 a factor of 17667?
False
Is 20 a factor of 320?
True
Is 28 a factor of 21192?
False
Does 5 divide 23655?
True
Is 33 a factor of 2011?
False
Does 6 divide 259?
False
Is 22 a factor of 44?
True
Is 552 a multiple of 46?
True
Is 35027 a multiple of 10?
False
Is 35 a factor of 2039?
False
Is 28 a factor of 252?
True
Is 2006 a multiple of 17?
True
Does 62 divide 119226?
True
Is 1566 a multiple of 53?
False
Is 56 a factor of 5858?
False
Is 33575 a multiple of 13?
False
Does 104 divide 13455?
False
Is 42 a factor of 3269?
False
Is 88809 a multiple of 454?
False
Is 375 a multiple of 15?
True
Does 30 divide 5051?
False
Is 3244 a multiple of 17?
False
Is 8 a factor of 13920?
True
Is 30 a factor of 21009?
False
Does 17 divide 476?
True
Is 1850 a multiple of 53?
False
Is 224 a factor of 8459?
False
Is 59 a factor of 413?
True
Is 165 a factor of 4125?
True
Is 696 a multiple of 3?
True
Is 14 a factor of 7053?
False
Is 17602 a multiple of 18?
False
Does 28 divide 2512?
False
Is 21502 a multiple of 16?
False
Is 15 a factor of 497?
False
Is 1808 a multiple of 226?
True
Is 14 a factor of 55810?
False
Is 68 a factor of 10132?
True
Is 5002 a multiple of 25?
False
Does 17 divide 10717?
False
Does 25 divide 17412?
False
Is 412 a multiple of 12?
False
Is 300 a multiple of 10?
True
Is 14 a factor of 476?
True
Does 8 divide 1362?
False
Is 3905 even?
False
Is 5904 a multiple of 8?
True
Is 1060 a multiple of 20?
True
Is 91 a factor of 3003?
True
Is 448 a multiple of 16?
True
Is 272 a multiple of 30?
False
Is 34407 a multiple of 36?
False
Does 38 divide 1140?
True
Does 8 divide 2590?
False
Is 5500 a multiple of 4?
True
Does 17 divide 2142?
True
Does 40 divide 12680?
True
Is 16 a factor of 544?
True
Is 33862 a multiple of 170?
False
Is 22 a factor of 4357?
False
Is 10490 a multiple of 7?
False
Is 1796 a multiple of 46?
False
Is 7 a factor of 637?
True
Is 13 a factor of 37655?
False
Does 3 divide 308?
False
Does 31 divide 219?
False
Is 42490 a multiple of 12?
False
Is 88462 a multiple of 20?
False
Is 27 a factor of 48141?
True
Is 4582 a multiple of 29?
True
Does 14 divide 1602?
False
Is 421 a multiple of 31?
False
Is 20 a factor of 24057?
False
Does 17 divide 7536?
False
Is 111 a factor of 3663?
True
Is 10 a factor of 854?
False
Does 85 divide 212?
False
Is 8 a factor of 10504?
True
Does 8 divide 760?
True
Does 45 divide 1665?
True
Is 20 a factor of 592?
False
Is 22 a factor of 3172?
False
Is 8 a factor of 448?
True
Is 41 a factor of 33971?
False
Is 27 a factor of 2160?
True
Is 110671 a multiple of 217?
False
Is 1422 a multiple of 18?
True
Does 11 divide 34870?
True
Is 13 a factor of 7735?
True
Is 34121 a multiple of 20?
False
Is 57 a factor of 342?
True
Does 58 divide 978?
False
Is 26 a factor of 999?
False
Is 26 a factor of 2661?
False
Is 20 a factor of 24340?
True
Does 9 divide 1764?
True
Is 135 a multiple of 15?
True
Does 5 divide 495?
True
Does 27 divide 19899?
True
Does 3 divide 2116?
False
Does 15 divide 1383?
False
Does 2 divide 281?
False
Is 35744 a multiple of 227?
False
Is 11 a factor of 825?
True
Is 63878 a multiple of 82?
True
Is 185 a factor of 23495?
True
Is 44 a factor of 2572?
False
Is 79016 a multiple of 166?
True
Does 128 divide 4096?
True
Does 22 divide 3115?
False
Is 4811 a multiple of 2?
False
Is 19 a factor of 1712?
False
Does 23 divide 7475?
True
Does 99 divide 594?
True
Is 24 a factor of 16848?
True
Does 6 divide 648?
True
Is 13 a factor of 5083?
True
Is 16 a factor of 3520?
True
Is 414 a multiple of 11?
False
Is 35735 a multiple of 40?
False
Is 288 a multiple of 76?
False
Does 64 divide 384?
True
Is 43 a factor of 774?
True
Is 11631 a multiple of 7?
False
Does 17 divide 23273?
True
Is 5970 a multiple of 44?
False
Is 4 a factor of 3255?
False
Is 34 a factor of 6670?
False
Is 10 a factor of 133?
False
Is 45 a factor of 3176?
False
Does 11 divide 3058?
True
Does 6 divide 433?
False
Does 97 divide 18396?
False
Is 22 a factor of 120274?
True
Is 2220 a multiple of 6?
True
Is 10036 a multiple of 26?
True
Does 25 divide 4285?
False
Is 38 a multiple of 3?
False
Does 43 divide 1692?
False
Is 268 a multiple of 3?
False
Is 7 a factor of 2584?
False
Is 9 a factor of 3315?
False
Does 41 divide 8200?
True
Is 11 a factor of 790?
False
Is 4 a factor of 788?
True
Is 6478 a multiple of 158?
True
Does 110 divide 2220?
False
Is 15 a factor of 589?
False
Is 4980 a multiple of 6?
True
Does 65 divide 13914?
False
Is 26 a factor of 1990?
False
Is 584 a multiple of 16?
False
Is 19 a factor of 1803?
False
Does 26 divide 4654?
True
Is 20 a factor of 961?
False
Is 26 a factor of 97322?
False
Is 945 a multiple of 27?
True
Is 351 a multiple of 27?
True
Does 14 divide 153963?
False
Is 11800 a multiple of 25?
True
Is 350 a multiple of 10?
True
Is 2352 a multiple of 28?
True
Is 21169 a multiple of 34?
False
Is 209 a multiple of 5?
False
Does 39 divide 6380?
False
Is 973 a multiple of 5?
False
Does 15 divide 940?
False
Does 93 divide 170?
False
Does 27 divide 432?
True
Is 13 a factor of 4288?
False
Is 2691 a multiple of 69?
True
Is 17 a factor of 2737?
True
Does 14 divide 112?
True
Is 14655 a multiple of 92?
False
Does 4 divide 968?
True
Is 30 a factor of 79740?
True
Is 43 a factor of 1634?
True
Does 11 divide 727?
False
Is 42600 a multiple of 426?
True
Does 9 divide 417?
False
Is 